{"id":985,"date":"2025-02-21T12:51:55","date_gmt":"2025-02-21T11:51:55","guid":{"rendered":"https:\/\/maenm.es\/?post_type=product&#038;p=985"},"modified":"2025-03-04T17:04:26","modified_gmt":"2025-03-04T16:04:26","slug":"caja-vino-individual","status":"publish","type":"product","link":"https:\/\/maenm.es\/index.php\/producto\/caja-vino-individual\/","title":{"rendered":"Caja vino individual"},"content":{"rendered":"","protected":false},"excerpt":{"rendered":"<p>Sorprende a pap\u00e1 en su d\u00eda con nuestra elegante caja de vino personalizada. Dise\u00f1ada para ser un regalo memorable, esta caja de madera de alta calidad se puede personalizar con el nombre de pap\u00e1, una fecha especial o un mensaje conmovedor. Perfecta para contener su vino favorito, esta caja no solo es un regalo, sino tambi\u00e9n un hermoso recuerdo que podr\u00e1 atesorar por siempre. \u00a1Haz que este D\u00eda del Padre sea a\u00fan m\u00e1s especial con un detalle \u00fanico y lleno de amor!<\/p>\n","protected":false},"featured_media":986,"comment_status":"open","ping_status":"closed","template":"","meta":[],"product_brand":[],"product_cat":[168,108],"product_tag":[],"giftcard-category":[],"class_list":{"0":"post-985","1":"product","2":"type-product","3":"status-publish","4":"has-post-thumbnail","6":"product_cat-papa","7":"product_cat-para-padres-y-abuelos","9":"first","10":"instock","11":"shipping-taxable","12":"purchasable","13":"product-type-simple"},"_links":{"self":[{"href":"https:\/\/maenm.es\/index.php\/wp-json\/wp\/v2\/product\/985","targetHints":{"allow":["GET"]}}],"collection":[{"href":"https:\/\/maenm.es\/index.php\/wp-json\/wp\/v2\/product"}],"about":[{"href":"https:\/\/maenm.es\/index.php\/wp-json\/wp\/v2\/types\/product"}],"replies":[{"embeddable":true,"href":"https:\/\/maenm.es\/index.php\/wp-json\/wp\/v2\/comments?post=985"}],"wp:featuredmedia":[{"embeddable":true,"href":"https:\/\/maenm.es\/index.php\/wp-json\/wp\/v2\/media\/986"}],"wp:attachment":[{"href":"https:\/\/maenm.es\/index.php\/wp-json\/wp\/v2\/media?parent=985"}],"wp:term":[{"taxonomy":"product_brand","embeddable":true,"href":"https:\/\/maenm.es\/index.php\/wp-json\/wp\/v2\/product_brand?post=985"},{"taxonomy":"product_cat","embeddable":true,"href":"https:\/\/maenm.es\/index.php\/wp-json\/wp\/v2\/product_cat?post=985"},{"taxonomy":"product_tag","embeddable":true,"href":"https:\/\/maenm.es\/index.php\/wp-json\/wp\/v2\/product_tag?post=985"},{"taxonomy":"giftcard-category","embeddable":true,"href":"https:\/\/maenm.es\/index.php\/wp-json\/wp\/v2\/giftcard-category?post=985"}],"curies":[{"name":"wp","href":"https:\/\/api.w.org\/{rel}","templated":true}]}}