{"id":227,"date":"2024-04-12T11:05:14","date_gmt":"2024-04-12T09:05:14","guid":{"rendered":"https:\/\/maenm.es\/?post_type=product&#038;p=227"},"modified":"2025-02-09T21:36:09","modified_gmt":"2025-02-09T20:36:09","slug":"pulsera-de-cuero-para-nino","status":"publish","type":"product","link":"https:\/\/maenm.es\/index.php\/producto\/pulsera-de-cuero-para-nino\/","title":{"rendered":"Pulsera de cuero para ni\u00f1o"},"content":{"rendered":"<p>\u00a1Una pulsera que har\u00e1 brillar la mu\u00f1eca de cualquier ni\u00f1o con estilo y personalidad! Esta pulsera de cuero negro, con detalles grabados en acero inoxidable, es el regalo perfecto para el peque\u00f1o de la casa. La combinaci\u00f3n de materiales de alta calidad la hace resistente y duradera, ideal para acompa\u00f1ar a los ni\u00f1os en todas sus aventuras y travesuras.<\/p>\n<p>Con un dise\u00f1o moderno y juvenil, esta pulsera no solo es un accesorio de moda, sino tambi\u00e9n un s\u00edmbolo de car\u00e1cter y originalidad. Ya sea para una ocasi\u00f3n especial o para el d\u00eda a d\u00eda, esta pulsera de cuero es vers\u00e1til y f\u00e1cil de combinar con cualquier estilo.<\/p>\n<p>Sorprende al ni\u00f1o especial en tu vida con este detalle \u00fanico que seguramente se convertir\u00e1 en uno de sus accesorios favoritos. Haz que luzca a la moda y se sienta especial con esta pulsera de cuero grabada en acero inoxidable. \u00a1Un regalo que nunca pasar\u00e1 desapercibido!<\/p>\n","protected":false},"excerpt":{"rendered":"<p>\u00a1Destaca en estilo con nuestra pulsera de cuero y acero inoxidable! Personalizada con el nombre de tu ni\u00f1o, este regalo \u00fanico es perfecto para cualquier ocasi\u00f3n especial. Hecha con materiales de alta calidad, esta pulsera es un accesorio elegante y significativo que tu peque\u00f1o(a) adorar\u00e1 lucir. \u00a1Hazlo sentir especial hoy!<\/p>\n","protected":false},"featured_media":230,"comment_status":"open","ping_status":"closed","template":"","meta":[],"product_brand":[],"product_cat":[174,188],"product_tag":[51,50],"giftcard-category":[],"class_list":{"0":"post-227","1":"product","2":"type-product","3":"status-publish","4":"has-post-thumbnail","6":"product_cat-amigo-invisible","7":"product_cat-joyas","8":"product_tag-cuero","9":"product_tag-pulseras","11":"first","12":"instock","13":"shipping-taxable","14":"purchasable","15":"product-type-simple"},"_links":{"self":[{"href":"https:\/\/maenm.es\/index.php\/wp-json\/wp\/v2\/product\/227","targetHints":{"allow":["GET"]}}],"collection":[{"href":"https:\/\/maenm.es\/index.php\/wp-json\/wp\/v2\/product"}],"about":[{"href":"https:\/\/maenm.es\/index.php\/wp-json\/wp\/v2\/types\/product"}],"replies":[{"embeddable":true,"href":"https:\/\/maenm.es\/index.php\/wp-json\/wp\/v2\/comments?post=227"}],"wp:featuredmedia":[{"embeddable":true,"href":"https:\/\/maenm.es\/index.php\/wp-json\/wp\/v2\/media\/230"}],"wp:attachment":[{"href":"https:\/\/maenm.es\/index.php\/wp-json\/wp\/v2\/media?parent=227"}],"wp:term":[{"taxonomy":"product_brand","embeddable":true,"href":"https:\/\/maenm.es\/index.php\/wp-json\/wp\/v2\/product_brand?post=227"},{"taxonomy":"product_cat","embeddable":true,"href":"https:\/\/maenm.es\/index.php\/wp-json\/wp\/v2\/product_cat?post=227"},{"taxonomy":"product_tag","embeddable":true,"href":"https:\/\/maenm.es\/index.php\/wp-json\/wp\/v2\/product_tag?post=227"},{"taxonomy":"giftcard-category","embeddable":true,"href":"https:\/\/maenm.es\/index.php\/wp-json\/wp\/v2\/giftcard-category?post=227"}],"curies":[{"name":"wp","href":"https:\/\/api.w.org\/{rel}","templated":true}]}}