{"id":217,"date":"2024-04-11T19:52:00","date_gmt":"2024-04-11T17:52:00","guid":{"rendered":"https:\/\/maenm.es\/?post_type=product&#038;p=217"},"modified":"2025-02-09T21:35:43","modified_gmt":"2025-02-09T20:35:43","slug":"taza-con-ilustracion-personalizada","status":"publish","type":"product","link":"https:\/\/maenm.es\/index.php\/producto\/taza-con-ilustracion-personalizada\/","title":{"rendered":"Taza con ilustraci\u00f3n personalizada"},"content":{"rendered":"<p>\u00a1Sorprende a ese ser querido con esta taza personalizada! Con una ilustraci\u00f3n \u00fanica, har\u00e1 que sea un regalo s\u00faper especial para ese d\u00eda.  Haz que disfrute de su caf\u00e9 favorito y recuerde lo especial que es para ti cada d\u00eda.<br \/> Env\u00edanos una foto de medio cuerpo para hacer la ilustraci\u00f3n. Te enviaremos un boceto por correo antes de hacer la taza. Aseg\u00farate de indicar tu direcci\u00f3n de email al hacer el pedido para que podamos envi\u00e1rtelo.<br \/>Caracter\u00edsticas de la taza personalizada color:<br \/>Medidas: 8\u00f8 x 9,5 cm \/ Tama\u00f1o DISE\u00d1O: 10,5 x 9 cm<br \/>Taza de cer\u00e1mica. Capacidad: 350 ml.<br \/>Impresi\u00f3n n\u00edtida a todo color.<br \/>Apta para lavavajillas y microondas.<\/p>\n","protected":false},"excerpt":{"rendered":"<p>Taza con ilustraci\u00f3n que realizamos a partir de una foto que nos mandes. Sorprende a esa persona tan especial con esta t\u00e1za super original.<br \/>La foto debe ser cercana y con buena resoluci\u00f3n, como las del ejemplo.<\/p>\n","protected":false},"featured_media":275,"comment_status":"open","ping_status":"closed","template":"","meta":[],"product_brand":[],"product_cat":[166,167,174,172,170,169,173,168,111,110,108,109,171,175,199,107,90],"product_tag":[47,45,46],"giftcard-category":[],"class_list":{"0":"post-217","1":"product","2":"type-product","3":"status-publish","4":"has-post-thumbnail","6":"product_cat-abuela","7":"product_cat-abuelo","8":"product_cat-amigo-invisible","9":"product_cat-embarazadas-y-peques","10":"product_cat-familia","11":"product_cat-mama","12":"product_cat-padrinos-y-madrinas","13":"product_cat-papa","14":"product_cat-para-embarazadas-y-bebes","15":"product_cat-para-futuros-novios","16":"product_cat-para-padres-y-abuelos","17":"product_cat-para-testigos-y-damas-de-honor","18":"product_cat-pareja","19":"product_cat-pequenos-artistas-guia-de-regalos","20":"product_cat-profesores","21":"product_cat-regalos-para-invitados-vip","22":"product_cat-tazas","23":"product_tag-madre","24":"product_tag-padre","25":"product_tag-taza","27":"first","28":"instock","29":"shipping-taxable","30":"purchasable","31":"product-type-simple"},"_links":{"self":[{"href":"https:\/\/maenm.es\/index.php\/wp-json\/wp\/v2\/product\/217","targetHints":{"allow":["GET"]}}],"collection":[{"href":"https:\/\/maenm.es\/index.php\/wp-json\/wp\/v2\/product"}],"about":[{"href":"https:\/\/maenm.es\/index.php\/wp-json\/wp\/v2\/types\/product"}],"replies":[{"embeddable":true,"href":"https:\/\/maenm.es\/index.php\/wp-json\/wp\/v2\/comments?post=217"}],"wp:featuredmedia":[{"embeddable":true,"href":"https:\/\/maenm.es\/index.php\/wp-json\/wp\/v2\/media\/275"}],"wp:attachment":[{"href":"https:\/\/maenm.es\/index.php\/wp-json\/wp\/v2\/media?parent=217"}],"wp:term":[{"taxonomy":"product_brand","embeddable":true,"href":"https:\/\/maenm.es\/index.php\/wp-json\/wp\/v2\/product_brand?post=217"},{"taxonomy":"product_cat","embeddable":true,"href":"https:\/\/maenm.es\/index.php\/wp-json\/wp\/v2\/product_cat?post=217"},{"taxonomy":"product_tag","embeddable":true,"href":"https:\/\/maenm.es\/index.php\/wp-json\/wp\/v2\/product_tag?post=217"},{"taxonomy":"giftcard-category","embeddable":true,"href":"https:\/\/maenm.es\/index.php\/wp-json\/wp\/v2\/giftcard-category?post=217"}],"curies":[{"name":"wp","href":"https:\/\/api.w.org\/{rel}","templated":true}]}}