{"id":1465,"date":"2026-04-20T23:16:24","date_gmt":"2026-04-20T21:16:24","guid":{"rendered":"https:\/\/maenm.es\/?post_type=product&#038;p=1465"},"modified":"2026-04-21T14:01:14","modified_gmt":"2026-04-21T12:01:14","slug":"colgante-redondo-leona","status":"publish","type":"product","link":"https:\/\/maenm.es\/index.php\/producto\/colgante-redondo-leona\/","title":{"rendered":"Colgante redondo Leona"},"content":{"rendered":"","protected":false},"excerpt":{"rendered":"<p>Un s\u00edmbolo de fuerza, protecci\u00f3n y amor incondicional. Este\u00a0colgante con peque\u00f1o coraz\u00f3n\u00a0presenta la\u00a0imagen de una mam\u00e1 leona y su cr\u00eda, un dise\u00f1o que puede adaptarse para representar cualquier familia. En la parte trasera incluye una\u00a0frase bonita y personalizada, convirti\u00e9ndolo en un detalle \u00fanico y lleno de significado. Perfecto para regalar a quienes viven y aman con la valent\u00eda de una leona.<\/p>\n","protected":false},"featured_media":1466,"comment_status":"open","ping_status":"closed","template":"","meta":[],"product_brand":[],"product_cat":[169],"product_tag":[222],"giftcard-category":[],"class_list":{"0":"post-1465","1":"product","2":"type-product","3":"status-publish","4":"has-post-thumbnail","6":"product_cat-mama","7":"product_tag-vendido","9":"first","10":"instock","11":"shipping-taxable","12":"purchasable","13":"product-type-simple"},"_links":{"self":[{"href":"https:\/\/maenm.es\/index.php\/wp-json\/wp\/v2\/product\/1465","targetHints":{"allow":["GET"]}}],"collection":[{"href":"https:\/\/maenm.es\/index.php\/wp-json\/wp\/v2\/product"}],"about":[{"href":"https:\/\/maenm.es\/index.php\/wp-json\/wp\/v2\/types\/product"}],"replies":[{"embeddable":true,"href":"https:\/\/maenm.es\/index.php\/wp-json\/wp\/v2\/comments?post=1465"}],"wp:featuredmedia":[{"embeddable":true,"href":"https:\/\/maenm.es\/index.php\/wp-json\/wp\/v2\/media\/1466"}],"wp:attachment":[{"href":"https:\/\/maenm.es\/index.php\/wp-json\/wp\/v2\/media?parent=1465"}],"wp:term":[{"taxonomy":"product_brand","embeddable":true,"href":"https:\/\/maenm.es\/index.php\/wp-json\/wp\/v2\/product_brand?post=1465"},{"taxonomy":"product_cat","embeddable":true,"href":"https:\/\/maenm.es\/index.php\/wp-json\/wp\/v2\/product_cat?post=1465"},{"taxonomy":"product_tag","embeddable":true,"href":"https:\/\/maenm.es\/index.php\/wp-json\/wp\/v2\/product_tag?post=1465"},{"taxonomy":"giftcard-category","embeddable":true,"href":"https:\/\/maenm.es\/index.php\/wp-json\/wp\/v2\/giftcard-category?post=1465"}],"curies":[{"name":"wp","href":"https:\/\/api.w.org\/{rel}","templated":true}]}}