{"id":1433,"date":"2026-02-19T09:39:06","date_gmt":"2026-02-19T08:39:06","guid":{"rendered":"https:\/\/maenm.es\/?post_type=product&#038;p=1433"},"modified":"2026-02-19T09:46:31","modified_gmt":"2026-02-19T08:46:31","slug":"iman-camara","status":"publish","type":"product","link":"https:\/\/maenm.es\/index.php\/producto\/iman-camara\/","title":{"rendered":"Im\u00e1n C\u00e1mara"},"content":{"rendered":"","protected":false},"excerpt":{"rendered":"<p>Un detalle peque\u00f1o pero lleno de significado. Este im\u00e1n de madera, dise\u00f1ado con forma de c\u00e1mara de fotos, incluye una\u00a0imagen personalizada\u00a0que convierte cada recuerdo en un homenaje especial para Pap\u00e1. Su acabado artesanal y su estilo original lo hacen perfecto para decorar la nevera, la oficina o cualquier espacio donde quiera llevar consigo un momento inolvidable. Un regalo \u00fanico, pr\u00e1ctico y emotivo para celebrar el D\u00eda del Padre.<\/p>\n","protected":false},"featured_media":1434,"comment_status":"open","ping_status":"closed","template":"","meta":[],"product_brand":[],"product_cat":[168],"product_tag":[],"giftcard-category":[],"class_list":{"0":"post-1433","1":"product","2":"type-product","3":"status-publish","4":"has-post-thumbnail","6":"product_cat-papa","8":"first","9":"instock","10":"shipping-taxable","11":"purchasable","12":"product-type-simple"},"_links":{"self":[{"href":"https:\/\/maenm.es\/index.php\/wp-json\/wp\/v2\/product\/1433","targetHints":{"allow":["GET"]}}],"collection":[{"href":"https:\/\/maenm.es\/index.php\/wp-json\/wp\/v2\/product"}],"about":[{"href":"https:\/\/maenm.es\/index.php\/wp-json\/wp\/v2\/types\/product"}],"replies":[{"embeddable":true,"href":"https:\/\/maenm.es\/index.php\/wp-json\/wp\/v2\/comments?post=1433"}],"wp:featuredmedia":[{"embeddable":true,"href":"https:\/\/maenm.es\/index.php\/wp-json\/wp\/v2\/media\/1434"}],"wp:attachment":[{"href":"https:\/\/maenm.es\/index.php\/wp-json\/wp\/v2\/media?parent=1433"}],"wp:term":[{"taxonomy":"product_brand","embeddable":true,"href":"https:\/\/maenm.es\/index.php\/wp-json\/wp\/v2\/product_brand?post=1433"},{"taxonomy":"product_cat","embeddable":true,"href":"https:\/\/maenm.es\/index.php\/wp-json\/wp\/v2\/product_cat?post=1433"},{"taxonomy":"product_tag","embeddable":true,"href":"https:\/\/maenm.es\/index.php\/wp-json\/wp\/v2\/product_tag?post=1433"},{"taxonomy":"giftcard-category","embeddable":true,"href":"https:\/\/maenm.es\/index.php\/wp-json\/wp\/v2\/giftcard-category?post=1433"}],"curies":[{"name":"wp","href":"https:\/\/api.w.org\/{rel}","templated":true}]}}