{"id":1415,"date":"2026-01-08T13:28:07","date_gmt":"2026-01-08T12:28:07","guid":{"rendered":"https:\/\/maenm.es\/?post_type=product&#038;p=1415"},"modified":"2026-01-08T13:34:52","modified_gmt":"2026-01-08T12:34:52","slug":"cake-topper-3d","status":"publish","type":"product","link":"https:\/\/maenm.es\/index.php\/producto\/cake-topper-3d\/","title":{"rendered":"Cake topper 3D"},"content":{"rendered":"<p>El topper tiene una medida aproximada de 21x14cm incluyendo el palito para clavar en la tarta y 4mm de grosor. Aunque podr\u00e1 variar dependiendo del nombre que contenga.<br \/>El topper se env\u00eda en una cajita de cart\u00f3n Kraft protegido con papel de seda y va perfectamente\u00a0 preparado para regalar.<\/p>\n","protected":false},"excerpt":{"rendered":"<p>Cake Topper Personalizado en Filamento 3D<br \/>Dale un toque \u00fanico a tus celebraciones con nuestro <strong>cake topper personalizado impreso en 3D<\/strong>. Dise\u00f1ado especialmente para ti, este topper se fabrica con filamento de alta calidad, ofreciendo un acabado limpio, resistente y totalmente adaptado a tu estilo. Puedes elegir nombres, n\u00fameros, frases o figuras para crear una pieza exclusiva que har\u00e1 que tu tarta destaque en cualquier evento: bodas, cumplea\u00f1os, bautizos o aniversarios.<br \/>Un detalle original, moderno y duradero que convierte cualquier ocasi\u00f3n en un recuerdo inolvidable.<\/p>\n","protected":false},"featured_media":1417,"comment_status":"open","ping_status":"closed","template":"","meta":[],"product_brand":[],"product_cat":[15],"product_tag":[],"giftcard-category":[],"class_list":{"0":"post-1415","1":"product","2":"type-product","3":"status-publish","4":"has-post-thumbnail","6":"product_cat-sin-categorizar","8":"first","9":"instock","10":"shipping-taxable","11":"purchasable","12":"product-type-simple"},"_links":{"self":[{"href":"https:\/\/maenm.es\/index.php\/wp-json\/wp\/v2\/product\/1415","targetHints":{"allow":["GET"]}}],"collection":[{"href":"https:\/\/maenm.es\/index.php\/wp-json\/wp\/v2\/product"}],"about":[{"href":"https:\/\/maenm.es\/index.php\/wp-json\/wp\/v2\/types\/product"}],"replies":[{"embeddable":true,"href":"https:\/\/maenm.es\/index.php\/wp-json\/wp\/v2\/comments?post=1415"}],"wp:featuredmedia":[{"embeddable":true,"href":"https:\/\/maenm.es\/index.php\/wp-json\/wp\/v2\/media\/1417"}],"wp:attachment":[{"href":"https:\/\/maenm.es\/index.php\/wp-json\/wp\/v2\/media?parent=1415"}],"wp:term":[{"taxonomy":"product_brand","embeddable":true,"href":"https:\/\/maenm.es\/index.php\/wp-json\/wp\/v2\/product_brand?post=1415"},{"taxonomy":"product_cat","embeddable":true,"href":"https:\/\/maenm.es\/index.php\/wp-json\/wp\/v2\/product_cat?post=1415"},{"taxonomy":"product_tag","embeddable":true,"href":"https:\/\/maenm.es\/index.php\/wp-json\/wp\/v2\/product_tag?post=1415"},{"taxonomy":"giftcard-category","embeddable":true,"href":"https:\/\/maenm.es\/index.php\/wp-json\/wp\/v2\/giftcard-category?post=1415"}],"curies":[{"name":"wp","href":"https:\/\/api.w.org\/{rel}","templated":true}]}}