{"id":1222,"date":"2025-10-23T09:24:56","date_gmt":"2025-10-23T07:24:56","guid":{"rendered":"https:\/\/maenm.es\/?post_type=product&#038;p=1222"},"modified":"2025-10-31T22:20:08","modified_gmt":"2025-10-31T21:20:08","slug":"tote-bag-luna","status":"publish","type":"product","link":"https:\/\/maenm.es\/index.php\/producto\/tote-bag-luna\/","title":{"rendered":"Tote bag luna"},"content":{"rendered":"","protected":false},"excerpt":{"rendered":"<p>Tote Bag de Algod\u00f3n Beig con Dibujo de Luna.\u00a0Lleva contigo la magia de la noche con esta tote bag de algod\u00f3n 100% en tono beig natural. Su dise\u00f1o minimalista con una ilustraci\u00f3n de luna aporta un toque m\u00edstico y elegante a tu estilo diario. Ideal para el d\u00eda a d\u00eda, compras o escapadas, es resistente, ligera y ecol\u00f3gica.<\/p>\n","protected":false},"featured_media":1228,"comment_status":"closed","ping_status":"closed","template":"","meta":[],"product_brand":[],"product_cat":[166,174,169,197],"product_tag":[],"giftcard-category":[],"class_list":{"0":"post-1222","1":"product","2":"type-product","3":"status-publish","4":"has-post-thumbnail","6":"product_cat-abuela","7":"product_cat-amigo-invisible","8":"product_cat-mama","9":"product_cat-tote-bags","11":"first","12":"instock","13":"shipping-taxable","14":"purchasable","15":"product-type-simple"},"_links":{"self":[{"href":"https:\/\/maenm.es\/index.php\/wp-json\/wp\/v2\/product\/1222","targetHints":{"allow":["GET"]}}],"collection":[{"href":"https:\/\/maenm.es\/index.php\/wp-json\/wp\/v2\/product"}],"about":[{"href":"https:\/\/maenm.es\/index.php\/wp-json\/wp\/v2\/types\/product"}],"replies":[{"embeddable":true,"href":"https:\/\/maenm.es\/index.php\/wp-json\/wp\/v2\/comments?post=1222"}],"wp:featuredmedia":[{"embeddable":true,"href":"https:\/\/maenm.es\/index.php\/wp-json\/wp\/v2\/media\/1228"}],"wp:attachment":[{"href":"https:\/\/maenm.es\/index.php\/wp-json\/wp\/v2\/media?parent=1222"}],"wp:term":[{"taxonomy":"product_brand","embeddable":true,"href":"https:\/\/maenm.es\/index.php\/wp-json\/wp\/v2\/product_brand?post=1222"},{"taxonomy":"product_cat","embeddable":true,"href":"https:\/\/maenm.es\/index.php\/wp-json\/wp\/v2\/product_cat?post=1222"},{"taxonomy":"product_tag","embeddable":true,"href":"https:\/\/maenm.es\/index.php\/wp-json\/wp\/v2\/product_tag?post=1222"},{"taxonomy":"giftcard-category","embeddable":true,"href":"https:\/\/maenm.es\/index.php\/wp-json\/wp\/v2\/giftcard-category?post=1222"}],"curies":[{"name":"wp","href":"https:\/\/api.w.org\/{rel}","templated":true}]}}