{"id":117,"date":"2024-04-01T17:20:33","date_gmt":"2024-04-01T15:20:33","guid":{"rendered":"https:\/\/maenm.es\/?post_type=product&#038;p=117"},"modified":"2025-02-09T21:32:20","modified_gmt":"2025-02-09T20:32:20","slug":"tote-bag-con-ilustracion","status":"publish","type":"product","link":"https:\/\/maenm.es\/index.php\/producto\/tote-bag-con-ilustracion\/","title":{"rendered":"Tote bag con ilustraci\u00f3n"},"content":{"rendered":"<p>\u00a1D\u00e9jate cautivar por la elegancia y estilo de nuestra tote bag con ilustraci\u00f3n! Esta pieza \u00fanica combina funcionalidad y arte en un solo accesorio. Perfecta para llevar tus pertenencias con estilo y personalidad a donde quiera que vayas.<br \/>Confeccionada con materiales de alta calidad, esta tote bag no solo es visualmente impresionante, sino tambi\u00e9n duradera y resistente para acompa\u00f1arte en todas tus aventuras diarias. El dise\u00f1o con ilustraci\u00f3n a\u00f1ade un toque de creatividad y originalidad que seguramente no pasar\u00e1 desapercibido.<br \/>Ya sea para ir de compras, a la playa o simplemente para darle un toque especial a tu outfit, esta tote bag es el complemento perfecto. Sorprende a todos con tu estilo \u00fanico y sofisticado llevando contigo esta hermosa tote bag con ilustraci\u00f3n. \u00a1Hazte con la tuya y marca la diferencia!<\/p>\n<p>Material: Poli\u00e9ster \/ Tacto suave<br \/>Color: negra\/beige<br \/>Tama\u00f1o: 37&#215;40 cm<br \/>Asas: 35cm<br \/>Resistencia: hasta 8kg de peso<\/p>\n","protected":false},"excerpt":{"rendered":"<p>Tote bag con elegante ilustraci\u00f3n en color beige o negro sublidada. &#8211; Estilo moderno<\/p>\n","protected":false},"featured_media":118,"comment_status":"open","ping_status":"closed","template":"","meta":[],"product_brand":[],"product_cat":[166,174,169,111,109,199,197],"product_tag":[38],"giftcard-category":[],"class_list":{"0":"post-117","1":"product","2":"type-product","3":"status-publish","4":"has-post-thumbnail","6":"product_cat-abuela","7":"product_cat-amigo-invisible","8":"product_cat-mama","9":"product_cat-para-embarazadas-y-bebes","10":"product_cat-para-testigos-y-damas-de-honor","11":"product_cat-profesores","12":"product_cat-tote-bags","13":"product_tag-tote-bag","15":"first","16":"instock","17":"shipping-taxable","18":"purchasable","19":"product-type-simple"},"_links":{"self":[{"href":"https:\/\/maenm.es\/index.php\/wp-json\/wp\/v2\/product\/117","targetHints":{"allow":["GET"]}}],"collection":[{"href":"https:\/\/maenm.es\/index.php\/wp-json\/wp\/v2\/product"}],"about":[{"href":"https:\/\/maenm.es\/index.php\/wp-json\/wp\/v2\/types\/product"}],"replies":[{"embeddable":true,"href":"https:\/\/maenm.es\/index.php\/wp-json\/wp\/v2\/comments?post=117"}],"wp:featuredmedia":[{"embeddable":true,"href":"https:\/\/maenm.es\/index.php\/wp-json\/wp\/v2\/media\/118"}],"wp:attachment":[{"href":"https:\/\/maenm.es\/index.php\/wp-json\/wp\/v2\/media?parent=117"}],"wp:term":[{"taxonomy":"product_brand","embeddable":true,"href":"https:\/\/maenm.es\/index.php\/wp-json\/wp\/v2\/product_brand?post=117"},{"taxonomy":"product_cat","embeddable":true,"href":"https:\/\/maenm.es\/index.php\/wp-json\/wp\/v2\/product_cat?post=117"},{"taxonomy":"product_tag","embeddable":true,"href":"https:\/\/maenm.es\/index.php\/wp-json\/wp\/v2\/product_tag?post=117"},{"taxonomy":"giftcard-category","embeddable":true,"href":"https:\/\/maenm.es\/index.php\/wp-json\/wp\/v2\/giftcard-category?post=117"}],"curies":[{"name":"wp","href":"https:\/\/api.w.org\/{rel}","templated":true}]}}