{"id":1165,"date":"2025-07-23T10:32:59","date_gmt":"2025-07-23T08:32:59","guid":{"rendered":"https:\/\/maenm.es\/?post_type=product&#038;p=1165"},"modified":"2025-07-23T10:41:03","modified_gmt":"2025-07-23T08:41:03","slug":"pack-embarazada-boda","status":"publish","type":"product","link":"https:\/\/maenm.es\/index.php\/producto\/pack-embarazada-boda\/","title":{"rendered":"Pack embarazada boda"},"content":{"rendered":"","protected":false},"excerpt":{"rendered":"<p>Pack Personalizado para Embarazadas \u2013 Regalo Especial de Boda\u00a0Haz que tu d\u00eda tambi\u00e9n celebre la nueva vida que viene en camino. Este pack \u00fanico incluye un babero suave, un chupetero con dise\u00f1o tierno y una plaquita de madera personalizada con el nombre del futuro beb\u00e9 o un mensaje especial. Ideal para sorprender a invitadas embarazadas en tu boda, este detalle combina cari\u00f1o, creatividad y un gui\u00f1o al futuro con mucho estilo.<\/p>\n","protected":false},"featured_media":1166,"comment_status":"open","ping_status":"closed","template":"","meta":[],"product_brand":[],"product_cat":[111],"product_tag":[],"giftcard-category":[],"class_list":{"0":"post-1165","1":"product","2":"type-product","3":"status-publish","4":"has-post-thumbnail","6":"product_cat-para-embarazadas-y-bebes","8":"first","9":"instock","10":"shipping-taxable","11":"purchasable","12":"product-type-simple"},"_links":{"self":[{"href":"https:\/\/maenm.es\/index.php\/wp-json\/wp\/v2\/product\/1165","targetHints":{"allow":["GET"]}}],"collection":[{"href":"https:\/\/maenm.es\/index.php\/wp-json\/wp\/v2\/product"}],"about":[{"href":"https:\/\/maenm.es\/index.php\/wp-json\/wp\/v2\/types\/product"}],"replies":[{"embeddable":true,"href":"https:\/\/maenm.es\/index.php\/wp-json\/wp\/v2\/comments?post=1165"}],"wp:featuredmedia":[{"embeddable":true,"href":"https:\/\/maenm.es\/index.php\/wp-json\/wp\/v2\/media\/1166"}],"wp:attachment":[{"href":"https:\/\/maenm.es\/index.php\/wp-json\/wp\/v2\/media?parent=1165"}],"wp:term":[{"taxonomy":"product_brand","embeddable":true,"href":"https:\/\/maenm.es\/index.php\/wp-json\/wp\/v2\/product_brand?post=1165"},{"taxonomy":"product_cat","embeddable":true,"href":"https:\/\/maenm.es\/index.php\/wp-json\/wp\/v2\/product_cat?post=1165"},{"taxonomy":"product_tag","embeddable":true,"href":"https:\/\/maenm.es\/index.php\/wp-json\/wp\/v2\/product_tag?post=1165"},{"taxonomy":"giftcard-category","embeddable":true,"href":"https:\/\/maenm.es\/index.php\/wp-json\/wp\/v2\/giftcard-category?post=1165"}],"curies":[{"name":"wp","href":"https:\/\/api.w.org\/{rel}","templated":true}]}}