{"id":1055,"date":"2025-04-05T12:22:55","date_gmt":"2025-04-05T10:22:55","guid":{"rendered":"https:\/\/maenm.es\/?post_type=product&#038;p=1055"},"modified":"2025-04-05T12:27:27","modified_gmt":"2025-04-05T10:27:27","slug":"iman-mama","status":"publish","type":"product","link":"https:\/\/maenm.es\/index.php\/producto\/iman-mama\/","title":{"rendered":"Im\u00e1n mam\u00e1"},"content":{"rendered":"","protected":false},"excerpt":{"rendered":"<p>Sorprende a mam\u00e1 con un detalle especial que quedar\u00e1 grabado en su coraz\u00f3n y en su hogar. Nuestro im\u00e1n de madera personalizado combina elegancia y significado, con un mensaje \u00fanico . Fabricado con materiales de alta calidad, este im\u00e1n no solo es funcional, sino tambi\u00e9n un precioso recuerdo lleno de cari\u00f1o. \u00a1Haz que este D\u00eda de la Madre sea inolvidable con un regalo hecho especialmente para ella!<\/p>\n","protected":false},"featured_media":1056,"comment_status":"open","ping_status":"closed","template":"","meta":[],"product_brand":[],"product_cat":[169],"product_tag":[],"giftcard-category":[],"class_list":{"0":"post-1055","1":"product","2":"type-product","3":"status-publish","4":"has-post-thumbnail","6":"product_cat-mama","8":"first","9":"instock","10":"shipping-taxable","11":"purchasable","12":"product-type-simple"},"_links":{"self":[{"href":"https:\/\/maenm.es\/index.php\/wp-json\/wp\/v2\/product\/1055","targetHints":{"allow":["GET"]}}],"collection":[{"href":"https:\/\/maenm.es\/index.php\/wp-json\/wp\/v2\/product"}],"about":[{"href":"https:\/\/maenm.es\/index.php\/wp-json\/wp\/v2\/types\/product"}],"replies":[{"embeddable":true,"href":"https:\/\/maenm.es\/index.php\/wp-json\/wp\/v2\/comments?post=1055"}],"wp:featuredmedia":[{"embeddable":true,"href":"https:\/\/maenm.es\/index.php\/wp-json\/wp\/v2\/media\/1056"}],"wp:attachment":[{"href":"https:\/\/maenm.es\/index.php\/wp-json\/wp\/v2\/media?parent=1055"}],"wp:term":[{"taxonomy":"product_brand","embeddable":true,"href":"https:\/\/maenm.es\/index.php\/wp-json\/wp\/v2\/product_brand?post=1055"},{"taxonomy":"product_cat","embeddable":true,"href":"https:\/\/maenm.es\/index.php\/wp-json\/wp\/v2\/product_cat?post=1055"},{"taxonomy":"product_tag","embeddable":true,"href":"https:\/\/maenm.es\/index.php\/wp-json\/wp\/v2\/product_tag?post=1055"},{"taxonomy":"giftcard-category","embeddable":true,"href":"https:\/\/maenm.es\/index.php\/wp-json\/wp\/v2\/giftcard-category?post=1055"}],"curies":[{"name":"wp","href":"https:\/\/api.w.org\/{rel}","templated":true}]}}