{"id":44,"date":"2024-03-06T11:28:10","date_gmt":"2024-03-06T10:28:10","guid":{"rendered":"https:\/\/maenm.es\/?page_id=44"},"modified":"2024-03-06T11:32:20","modified_gmt":"2024-03-06T10:32:20","slug":"politica-de-privacidad","status":"publish","type":"page","link":"https:\/\/maenm.es\/index.php\/politica-de-privacidad\/","title":{"rendered":"Pol\u00edtica de privacidad"},"content":{"rendered":"\n<h1 class=\"wp-block-heading\">Pol\u00edtica de privacidad<\/h1>\n\n\n\n<p><\/p>\n\n\n\n<p>  <\/p>\n\n\n\n<p><\/p>\n\n\n\n<p><strong>1.- Tratamiento y protecci\u00f3n de datos de car\u00e1cter personal<\/strong><\/p>\n\n\n\n<p><strong>2.- Cookies<\/strong>&nbsp;<\/p>\n\n\n\n<p><strong>3.- Direcciones IP<\/strong><\/p>\n\n\n\n<p><strong>4.- Seguridad<\/strong><\/p>\n\n\n\n<p><strong>1.- Tratamiento y protecci\u00f3n de datos de car\u00e1cter personal<\/strong><\/p>\n\n\n\n<p>Seg\u00fan se recoge en el Reglamento (UE) 2016\/679 de protecci\u00f3n de datos de car\u00e1cter personal, Maenm informa que los datos personales facilitados ser\u00e1n incorporados a un fichero salvaguardado por la empresa<strong>,<\/strong>&nbsp;y que ha sido debidamente inscrito en la Agencia Espa\u00f1ola de Protecci\u00f3n de Datos.El tratamiento de los datos est\u00e1 legitimado por un contrato y consentimiento del usuario (lo cual se hace efectivo al enviar cualquier formulario que contenga datos personales). Que los destinatarios de sus datos son empresas de mantenimiento inform\u00e1tico y gestor\u00edas externas que Maenm pudiera contratar para el control fiscal y contable de la empresa. Que sus datos ser\u00e1n conservados durante el plazo estrictamente necesario y ser\u00e1n borrados cuando haya transcurrido un tiempo sin hacer uso de los mismos. Que se procede a tratar sus datos de manera: l\u00edcita, leal, transparente, adecuada, pertinente, limitada, exacta y actualizada. Que mientras no nos comunique lo contrario, entenderemos que sus datos no han sido modificados y que usted se compromete a notificarnos cualquier variaci\u00f3n, que de acuerdo con los derechos que le confiere el Reglamento (UE) 2016\/679 de protecci\u00f3n de datos de car\u00e1cter personal podr\u00e1 ejercer los derechos de acceso, rectificaci\u00f3n, limitaci\u00f3n de tratamiento, supresi\u00f3n, portabilidad y oposici\u00f3n al tratamiento de sus datos dirigiendo su petici\u00f3n a la direcci\u00f3n postal indicada o al correo electr\u00f3nico info@maenm.es y, por \u00faltimo, que podr\u00e1 dirigirse a la Autoridad de Control competente para presentar la reclamaci\u00f3n que considere oportuna.<\/p>\n\n\n\n<p>Los usuarios, en el momento en que se registran en la web\/tienda o facilitan sus datos mediante cualquier formulario de contacto, aceptan de forma libre e inequ\u00edvoca que sus datos personales sean tratados por parte de Maenm con objeto de realizar:<\/p>\n\n\n\n<ul class=\"wp-block-list\">\n<li>La gesti\u00f3n y mejora en los servicios ofrecidos en el sitio web.<\/li>\n\n\n\n<li>La gesti\u00f3n de las operaciones de compra-venta.<\/li>\n\n\n\n<li>La ejecuci\u00f3n los contratos que por medio de la misma se realicen.<\/li>\n\n\n\n<li>El env\u00edo de formularios de encuesta, estudio de la utilizaci\u00f3n de los servicios por parte de los usuarios y el env\u00edo de actualizaciones de los servicios.<\/li>\n\n\n\n<li>Comunicaciones publicitarias y\/o promocionales de los productos y servicios ofrecidos por&nbsp;nuestra empresa, as\u00ed como noticias relacionadas con Maenm.<\/li>\n<\/ul>\n\n\n\n<p>Maenm, comunica a los usuarios el car\u00e1cter no obligatorio de la recogida de tales datos, salvo en los campos que se indique lo contrario. No obstante, la no cumplimentaci\u00f3n de dichos datos podr\u00e1 impedir a&nbsp;Maenm, prestar todos aquellos servicios vinculados a tales datos, liber\u00e1ndole de toda responsabilidad por la no prestaci\u00f3n o prestaci\u00f3n incompleta de estos Servicios.<\/p>\n\n\n\n<p>En cualquier caso, el usuario se compromete a proporcionar informaci\u00f3n cierta en relaci\u00f3n con sus datos personales, y mantener los datos facilitados a&nbsp;Maenm actualizados. El usuario responder\u00e1, en cualquier caso, de la veracidad de los datos facilitados y de mantenerlos actualizados, reserv\u00e1ndose&nbsp;Maenm el derecho de excluir de los servicios registrados a los usuarios que hayan&nbsp; facilitado datos falsos, sin perjuicio de las dem\u00e1s acciones que procedan en derecho.&nbsp;<\/p>\n\n\n\n<p>El usuario puede darse de baja en nuestros ficheros previa solicitaci\u00f3n v\u00eda correo electr\u00f3nico o postal, para ello podr\u00e1n escribir a&nbsp;<a href=\"mailto:info@algenasecret.com\">info@maenm.es<\/a><\/p>\n\n\n\n<p>Maenm informa y garantiza que los datos de car\u00e1cter personal no ser\u00e1n cedidos a terceros.<\/p>\n\n\n\n<p>En caso de que el usuario sea menor de edad, sus datos personales deben ser facilitados con autorizaci\u00f3n de su representante legal.&nbsp;<\/p>\n\n\n\n<p><strong>2.- Cookies<\/strong>&nbsp;<\/p>\n\n\n\n<p>Se informa a usuarios de la web que eventualmente podr\u00e1n utilizarse&nbsp;<em>cookies<\/em>. Las&nbsp;<em>cookies<\/em>&nbsp;son ficheros enviados a un navegador por medio de un servidor web para registrar las actividades del usuario en el sitio Web. Las&nbsp;<em>cookies<\/em>&nbsp;favorecen que la navegaci\u00f3n sea m\u00e1s sencilla y mejoran la usabilidad de la web por parte del usuario. Se utilizan tambi\u00e9n para medir la audiencia y par\u00e1metros del tr\u00e1fico, controlar el progreso y n\u00famero de entradas.&nbsp;Las&nbsp;<em>cookies<\/em>&nbsp;utilizadas y procesadas por la titular se asocian \u00fanicamente con un usuario an\u00f3nimo y su ordenador, y no proporcionan por s\u00ed los datos personales del usuario. Cuando el usuario permita su recepci\u00f3n, podr\u00e1 conocer el servidor que utiliza las&nbsp;<em>cookies<\/em>, para lo cual deber\u00e1 consultar las instrucciones de uso de su navegador. El usuario tiene la posibilidad de configurar su navegador para ser avisado en pantalla de la recepci\u00f3n de&nbsp;<em>cookies<\/em>&nbsp;y para impedir su instalaci\u00f3n. Quedar\u00e1n archivados los documentos electr\u00f3nicos que acreditan la conformidad con el contrato, pudiendo el cliente ponerse en contacto con la titular en el correo web\/tienda para corregir o modificar dichos datos.<\/p>\n\n\n\n<p>El rechazo a las&nbsp;<em>cookies<\/em>&nbsp;enviadas por Maenm, por parte del usuario de la web, no afecta para nada a la navegaci\u00f3n de dichos usuarios en la web.<\/p>\n\n\n\n<p>Para permitir, conocer, bloquear o eliminar las cookies instaladas en un equipo el cliente puede hacerlo mediante la configuraci\u00f3n de las opciones del navegador instalado en su ordenador.<\/p>\n\n\n\n<p>Se puede encontrar informaci\u00f3n sobre c\u00f3mo hacerlo en:<\/p>\n\n\n\n<ul class=\"wp-block-list\">\n<li>Firefox:&nbsp;<a href=\"http:\/\/support.mozilla.org\/es\/products\/firefox\/cookies\" target=\"_blank\" rel=\"noreferrer noopener\">http:\/\/support.mozilla.org\/es\/products\/firefox\/cookies<\/a><\/li>\n\n\n\n<li>Chrome:&nbsp;<a href=\"http:\/\/support.google.com\/chrome\/bin\/answer.py?hl=es&amp;answer=95647\" target=\"_blank\" rel=\"noreferrer noopener\">http:\/\/support.google.com\/chrome\/bin\/answer.py?hl=es&amp;answer=95647<\/a><\/li>\n\n\n\n<li>Internet Explorer:&nbsp;<a href=\"http:\/\/windows.microsoft.com\/es-es\/windows7\/how-to-manage-cookies-in-internet-explorer-9\" target=\"_blank\" rel=\"noreferrer noopener\">http:\/\/windows.microsoft.com\/es-es\/windows7\/how-to-manage-cookies-in-internet-explorer-9<\/a><\/li>\n\n\n\n<li>Safari:&nbsp;<a href=\"http:\/\/support.apple.com\/kb\/ph5042\" target=\"_blank\" rel=\"noreferrer noopener\">http:\/\/support.apple.com\/kb\/ph5042<\/a><\/li>\n\n\n\n<li>Opera:&nbsp;<a href=\"http:\/\/help.opera.com\/Windows\/11.50\/es-ES\/cookies.html\" target=\"_blank\" rel=\"noreferrer noopener\">http:\/\/help.opera.com\/Windows\/11.50\/es-ES\/cookies.html<\/a><\/li>\n<\/ul>\n\n\n\n<p><strong>3.- Direcciones IP<\/strong><\/p>\n\n\n\n<p>Los servidores del sitio web podr\u00e1n detectar de manera autom\u00e1tica la direcci\u00f3n IP y el nombre de dominio utilizados por el usuario. Una direcci\u00f3n IP es un n\u00famero asignado autom\u00e1ticamente a un ordenador cuando est\u00e1 se conecta a internet. Toda esta informaci\u00f3n es registrada en un fichero de actividad del servidor debidamente inscrito que permite el posterior procesamiento de los datos con el fin de obtener mediciones \u00fanicamente estad\u00edsticas que permitan conocer el n\u00famero de impresiones de p\u00e1ginas, el n\u00famero de visitas realizadas a los servicios web, el orden de visitas, etc.&nbsp;<\/p>\n\n\n\n<p><strong>4.- Seguridad<\/strong><\/p>\n\n\n\n<p>El sitio web podr\u00e1 utilizar t\u00e9cnicas de seguridad de la informaci\u00f3n aceptadas en la industria con el objetivo de evitar el acceso no autorizado a los datos. Para lograr estos fines, el usuario acepta que Maenm obtenga datos para efectos de la correspondiente autenticaci\u00f3n de los controles de acceso.<\/p>\n","protected":false},"excerpt":{"rendered":"<p>Pol\u00edtica de privacidad 1.- Tratamiento y protecci\u00f3n de datos de car\u00e1cter personal 2.- Cookies&nbsp; 3.- Direcciones IP 4.- Seguridad 1.- Tratamiento y protecci\u00f3n de datos de car\u00e1cter personal Seg\u00fan se recoge en el Reglamento (UE) 2016\/679 de protecci\u00f3n de datos de car\u00e1cter personal, Maenm informa que los datos personales facilitados ser\u00e1n incorporados a un fichero [&#8230;]\n","protected":false},"author":1,"featured_media":0,"parent":0,"menu_order":0,"comment_status":"closed","ping_status":"closed","template":"","meta":{"footnotes":""},"class_list":["post-44","page","type-page","status-publish","hentry"],"_links":{"self":[{"href":"https:\/\/maenm.es\/index.php\/wp-json\/wp\/v2\/pages\/44","targetHints":{"allow":["GET"]}}],"collection":[{"href":"https:\/\/maenm.es\/index.php\/wp-json\/wp\/v2\/pages"}],"about":[{"href":"https:\/\/maenm.es\/index.php\/wp-json\/wp\/v2\/types\/page"}],"author":[{"embeddable":true,"href":"https:\/\/maenm.es\/index.php\/wp-json\/wp\/v2\/users\/1"}],"replies":[{"embeddable":true,"href":"https:\/\/maenm.es\/index.php\/wp-json\/wp\/v2\/comments?post=44"}],"version-history":[{"count":4,"href":"https:\/\/maenm.es\/index.php\/wp-json\/wp\/v2\/pages\/44\/revisions"}],"predecessor-version":[{"id":49,"href":"https:\/\/maenm.es\/index.php\/wp-json\/wp\/v2\/pages\/44\/revisions\/49"}],"wp:attachment":[{"href":"https:\/\/maenm.es\/index.php\/wp-json\/wp\/v2\/media?parent=44"}],"curies":[{"name":"wp","href":"https:\/\/api.w.org\/{rel}","templated":true}]}}